 is the greatest common divisor of g and 126?
63
Let c be 1/8 + (-49)/8. Let n(b) = -3*b - 2. Let z be n(c). Suppose -4*r - 2*s + 116 = r, 0 = r + 2*s - 20. Calculate the greatest common divisor of z and r.
8
Let l be 1/((4/10)/2). Let g(k) = -26*k - 123. Let b be g(-6). Suppose l - b = -j. What is the greatest common divisor of 7 and j?
7
Let g be (8 - (-12595)/(-33))*-3. Calculate the highest common divisor of g and 38.
19
Suppose 4*r + 20*v - 3319 = 17*v, 5*r - 5*v - 4175 = 0. What is the greatest common factor of r and 26?
26
Suppose -67 - 56 = -i. Suppose -i = -2*h + 9. Calculate the highest common factor of h and 6.
6
Let r be -17*(10/15 - 2097/27). Calculate the greatest common divisor of 77 and r.
77
Suppose -2*t = 3*h - 4*t - 292, -4*h + 4*t + 392 = 0. Let s be (-80)/(-24)*18/5. Calculate the greatest common factor of s and h.
12
Suppose 3*y - 3*w = 36, y = -4*w - 3 + 35. Calculate the greatest common divisor of 1264 and y.
16
Let o(p) = -p**3 - 40*p**2 + 84*p + 41. Let j be o(-42). What is the highest common factor of 41 and j?
41
Suppose -z + 7*z - 6528 = 0. What is the highest common divisor of 64 and z?
64
Suppose -3*k = 159*k - 6318. Let u = 215 + 58. What is the highest common divisor of u and k?
39
Let k be ((-14)/3 + 5)/((-2)/(-6)). Let z be (30 - k) + -4*1/2. What is the highest common factor of 3 and z?
3
Let a be 326/2 + ((-3)/3 - 2). Suppose 6*v - a = 4*v. What is the greatest common divisor of v and 32?
16
Let t = -6 + 10. Let v = 5 - t. Let q = -3 + 11. What is the highest common divisor of v and q?
1
Let n be 1/(-3) - (-25)/3. Suppose -13*r + 440 - 50 = 0. Suppose 0 = -3*q - 18 + r. Calculate the greatest common factor of q and n.
4
Let q(s) = -s**2 + 1. Let v(o) = 6*o**2 + 7*o + 1. Let g(r) = -5*q(r) - v(r). Let k be g(-3). What is the greatest common divisor of 66 and k?
6
Suppose 148 - 238 = -2*k. What is the greatest common divisor of k and 63?
9
Let m = 34 + 110. What is the greatest common divisor of 36 and m?
36
Let n(w) = 3*w**3 - 4*w**3 - 2 + 4*w + 0 - 4*w**2. Let l be n(-5). What is the highest common divisor of 12 and l?
3
Let n be 10/3 + (4/12)/(-1). Suppose 0 = 3*o - 12, 4*o = n*g - 65. What is the greatest common factor of g and 18?
9
Let i(b) = b**3 + 3*b**2 - 9*b - 3. Let y be i(-4). Suppose -2*z + c + 0*c + 31 = 0, c = -z + 20. What is the greatest common factor of y and z?
17
Let f = -6 - 27. Let u = -19 - f. Let i = 4 + u. What is the highest common factor of 18 and i?
18
Let h be 1 + 0 + 2 + (7 - -2). Suppose -t + h = 2*t. Calculate the greatest common divisor of t and 20.
4
Suppose 4*h - 396 = -0*h. Let f = 100 + -71. Let q = f - 20. What is the greatest common divisor of h and q?
9
Let w be 75/10 - 2/4. Let n be ((-28)/w)/((-2)/28). Let d = 20 - 12. What is the greatest common divisor of d and n?
8
Let d(f) = 6*f + 9. Let u be d(-2). Let n be -1*(u + 6) + 59*6. Calculate the highest common divisor of 39 and n.
39
Suppose 0 = m - 3*m + 20. Let w(b) = 3*b**2 + 8*b + 5. Let a be w(-5). What is the highest common factor of m and a?
10
Suppose 2*l + 3*u - 117 = 0, 2*l = 2*u + 35 + 97. What is the greatest common factor of l and 28?
7
Suppose 2*c = -4*c + 36. Let i(s) = s**2 - 4*s - 5. Let k be i(c). Calculate the highest common factor of 91 and k.
7
Let o = -79 - -103. Suppose 2*p + 49 = 385. Calculate the greatest common divisor of p and o.
24
Suppose -106 = -4*q + 5*d, 3*q = -10*d + 6*d + 64. What is the highest common divisor of q and 2568?
24
Let g(r) = -r**2 - 7*r + 3. Let j be g(-6). Let d be -2 + 5/(15/12). Suppose -36 = d*m - 3*m. What is the highest common factor of m and j?
9
Let d(f) = -15*f**3 + 2*f + 1. Let g be d(-2). Suppose -31 = 2*v - g. Suppose 5*k - v + 13 = 0. What is the greatest common divisor of k and 2?
2
Suppose -1 = -3*a + 14. Suppose f + a = g - 2*g, -21 = 5*g + f. Let i be g + 20 + 6/3. Calculate the highest common factor of i and 36.
18
Suppose 0 = 2*r - g - 266, -2*g - 13 + 9 = 0. Calculate the greatest common divisor of 12 and r.
12
Let z(r) = r**2 + 2*r + 4. Let q be z(-2). Let t be ((-2)/q)/((-8)/1360). Calculate the greatest common divisor of t and 5.
5
Let l = 114 - 78. Suppose 192 = -17*h + 21*h. Calculate the greatest common factor of h and l.
12
Let v be 2 - (-8)/2*1. Suppose 5*f - 7 - 18 = 0. Suppose 2*x + 220 = 4*r - 0*x, f*r - 276 = 3*x. Calculate the highest common divisor of r and v.
6
Suppose 2*u + 1 = u, 5*t - 3*u = 23. Let i(n) = -n**2 - 7*n + 102. Let w be i(7). Calculate the highest common divisor of w and t.
4
Let z be 14 - 7 - (1 + 1). Suppose -20 - 66 = -z*l - d, 0 = d - 1. What is the greatest common factor of l and 187?
17
Let i(y) = 45*y - 268. Let g be i(7). Calculate the greatest common divisor of g and 376.
47
Suppose 0 = 4*m - 5*z - 16, -4*z - 47 = -3*m - 9*z. Let g(w) = -w - 5*w - 5*w + 2*w. Let t be g(-5). What is the greatest common factor of m and t?
9
Let c(m) = -35*m + 6. Let z be c(3). Let a = 169 + z. What is the greatest common factor of 14 and a?
14
Suppose -4*f = -5*f - 4*v + 17, -v = 5*f - 9. Let z = -5 + 0. Let j = 16 + z. Calculate the highest common factor of f and j.
1
Let n = 1 + -1. Suppose 330 = -n*k + 5*k. What is the highest common divisor of k and 22?
22
Let m = 1971 + -1075. Calculate the greatest common divisor of 128 and m.
128
Let n(l) be the second derivative of l**3/2 - l**2 - 14*l. Let j be n(3). Calculate the highest common divisor of j and 1.
1
Suppose -f + 2 = -16. Let z be 258/f - -2 - (-2)/3. What is the greatest common factor of 119 and z?
17
Let m(t) = 53*t - 1. Let k be m(2). What is the highest common factor of k and 21?
21
Let t = 1 - -38. Let i = -27 + t. Calculate the greatest common factor of i and 108.
12
Let t be (-112)/32*124/(-7). What is the greatest common factor of t and 155?
31
Suppose -4*m + 5*f = -5, 0*m + m = -4*f + 17. Suppose 0 = m*w - 3*l - 47, -w = -0*w + 4*l - 14. Calculate the greatest common factor of w and 15.
5
Suppose -8106 = -72*b + 24150. Calculate the highest common factor of b and 7.
7
Suppose 182 = 2*b + 4*d, -135*d = 4*b - 133*d - 346. Calculate the highest common factor of 493 and b.
17
Suppose -2*o - 4*i = -6*o + 4, 0 = 4*o + 3*i + 3. Suppose o*t + 90 = 5*t. Let y be (21 - 11)*(1 + t). What is the highest common divisor of 76 and y?
38
Let g = 47 + -3. Let i(j) = -j**3 + 52*j**2 - 379*j + 8. Let r be i(43). What is the highest common factor of r and g?
44
Suppose -5*l - 310 = -5*k, -344 = 6*l + 9*k - 8*k. Suppose 2*x + y - 283 = -31, -4*y = -4*x + 480. Let v = x + l. What is the greatest common factor of 6 and v?
6
Let z be 27/3 + (0 - 1). Calculate the highest common divisor of z and 392.
8
Suppose -5*m + 17 = 2. Suppose 4 = -k + m, -4*y + 4*k = -140. What is the highest common factor of 85 and y?
17
Suppose 0 = 3*i - 5*i + 4. Suppose -3*l + i*l = -14. What is the greatest common divisor of l and 70?
14
Let p = 23 + -22. Let j be ((-20)/16)/(p/(-52)). Calculate the greatest common divisor of 13 and j.
13
Suppose -b + 2*f + 3*f + 225 = 0, 2*f - 590 = -3*b. Calculate the greatest common factor of b and 25.
25
Let v(n) = -n - 25. Let o be v(11). Let z = -28 - o. Calculate the greatest common divisor of 40 and z.
8
Let b = -92 - -119. Let l(k) = -k**3 + 25*k**2 - 25*k + 51. Let h be l(24). What is the highest common factor of b and h?
27
Let n be (3036/90 - 4/10)*3. Let s = n - 85. What is the highest common divisor of s and 45?
15
Suppose 0 = 9*h + 6 - 33. Suppose 5*u - h*u + 3*v = 231, -4*v = -2*u + 210. Calculate the highest common factor of 74 and u.
37
Suppose -5*s = 4*j - 20, -5*s + 0*j + 55 = -3*j. Let l = -16 - -11. Let f be 162/45 - 2/l. Calculate the highest common factor of f and s.
4
Let b be (-15)/5*98/(-3). Suppose -2*l + b = -84. Calculate the greatest common divisor of 13 and l.
13
Suppose 0 = 3*m + 5*g - 570, 3*m - 3*g - 984 = -2*m. Let u = -129 + m. What is the greatest common divisor of 6 and u?
6
Let q(o) = 8*o + 498. Let c be q(-33). Calculate the greatest common divisor of 72 and c.
18
Suppose 0 = 3*v + 105 - 798. Calculate the greatest common factor of 77 and v.
77
Let p = 260 - 242. Let x(j) be the second derivative of -j**5/20 - j**4/3 - j**3/2 - j. Let l be x(-6). What is the greatest common factor of l and p?
18
Let v(q) = -q**2 - q**2 + 9*q**2 + q